57?
0
What is the tens digit of 519367?
6
What is the millions digit of 1647435?
1
What is the units digit of 403524?
4
What is the hundreds digit of 188036?
0
What is the tens digit of 159792?
9
What is the ten thousands digit of 57211?
5
What is the hundred thousands digit of 4031436?
0
What is the hundreds digit of 108734?
7
What is the thousands digit of 1013099?
3
What is the tens digit of 2138916?
1
What is the hundred thousands digit of 457474?
4
What is the hundred thousands digit of 2942907?
9
What is the ten thousands digit of 599108?
9
What is the hundreds digit of 1786862?
8
What is the thousands digit of 217179?
7
What is the hundred thousands digit of 211512?
2
What is the units digit of 138952?
2
What is the hundred thousands digit of 21143658?
1
What is the ten thousands digit of 92114?
9
What is the ten thousands digit of 243722?
4
What is the ten millions digit of 19145811?
1
What is the hundred thousands digit of 141991?
1
What is the tens digit of 166230?
3
What is the hundred thousands digit of 10193605?
1
What is the ten thousands digit of 404503?
0
What is the units digit of 114374?
4
What is the ten thousands digit of 270348?
7
What is the units digit of 108417?
7
What is the ten thousands digit of 10043892?
4
What is the hundreds digit of 9212388?
3
What is the tens digit of 920161?
6
What is the hundreds digit of 408056?
0
What is the thousands digit of 9453?
9
What is the ten thousands digit of 2481792?
8
What is the hundreds digit of 1154557?
5
What is the hundreds digit of 338479?
4
What is the hundreds digit of 32139887?
8
What is the thousands digit of 2189059?
9
What is the units digit of 902378?
8
What is the units digit of 247006?
6
What is the ten thousands digit of 1166447?
6
What is the thousands digit of 8185390?
5
What is the hundreds digit of 331875?
8
What is the hundred thousands digit of 1216778?
2
What is the hundred thousands digit of 862444?
8
What is the tens digit of 1128147?
4
What is the hundreds digit of 224871?
8
What is the millions digit of 1694291?
1
What is the hundreds digit of 1668022?
0
What is the units digit of 6751825?
5
What is the tens digit of 397550?
5
What is the ten thousands digit of 473097?
7
What is the ten thousands digit of 87872?
8
What is the units digit of 88541?
1
What is the tens digit of 105865?
6
What is the thousands digit of 2460332?
0
What is the thousands digit of 19205382?
5
What is the units digit of 185861?
1
What is the thousands digit of 704190?
4
What is the hundred thousands digit of 3188136?
1
What is the units digit of 91761?
1
What is the thousands digit of 323970?
3
What is the thousands digit of 578326?
8
What is the hundreds digit of 403887?
8
What is the hundreds digit of 2035522?
5
What is the hundred thousands digit of 255587?
2
What is the ten thousands digit of 10544439?
4
What is the tens digit of 4983925?
2
What is the hundred thousands digit of 146581?
1
What is the tens digit of 10568859?
5
What is the ten thousands digit of 398254?
9
What is the thousands digit of 374405?
4
What is the ten thousands digit of 1719185?
1
What is the ten thousands digit of 109811?
0
What is the hundreds digit of 8587206?
2
What is the hundreds digit of 34074061?
0
What is the hundred thousands digit of 1397474?
3
What is the hundred thousands digit of 519319?
5
What is the hundred thousands digit of 8557354?
5
What is the hundreds digit of 894530?
5
What is the tens digit of 6499051?
5
What is the tens digit of 238673?
7
What is the ten thousands digit of 357949?
5
What is the units digit of 3687?
7
What is the units digit of 83862?
2
What is the tens digit of 2352724?
2
What is the units digit of 419905?
5
What is the hundreds digit of 6217326?
3
What is the hundred thousands digit of 15537456?
5
What is the hundreds digit of 779087?
0
What is the hundred thousands digit of 126847?
1
What is the thousands digit of 5875683?
5
What is the thousands digit of 297822?
7
What is the units digit of 691398?
8
What is the units digit of 399542?
2
What is the thousands digit of 805336?
5
What is the hundred thousands digit of 275298?
2
What is the units digit of 24445105?
5
What is the tens digit of 322067?
6
What is the hundreds digit of 41217018?
0
What is the thousands digit of 360870?
0
What is the ten thousands digit of 7964297?
6
What is the tens digit of 7969500?
0
What is the tens digit of 635261?
6
What is the hundreds digit of 15855001?
0
What is the thousands digit of 542450?
2
What is the thousands digit of 286542?
6
What is the units digit of 291345?
5
What is the units digit of 5531766?
6
What is the thousands digit of 681839?
1
What is the ten thousands digit of 210409?
1
What is the thousands digit of 1032715?
2
What is the units digit of 45834?
4
What is the millions digit of 25535454?
5
What is the hundreds digit of 447343?
3
What is the tens digit of 4062183?
8
What is the hundreds digit of 515198?
1
What is the thousands digit of 17922?
7
What is the ten thousands digit of 431647?
3
What is the tens digit of 31150852?
5
What is the units digit of 496128?
8
What is the tens digit of 201442?
4
What is the thousands digit of 3782950?
2
What is the tens digit of 539395?
9
What is the hundreds digit of 3713442?
4
What is the thousands digit of 16185671?
5
What is the tens digit of 665363?
6
What is the hundred thousands digit of 140737?
1
What is the hundred thousands digit of 1837640?
8
What is the millions digit of 16238922?
6
What is the ten thousands digit of 878543?
7
What is the thousands digit of 900041?
0
What is the hundred thousands digit of 6534679?
5
What is the millions digit of 9836521?
9
What is the thousands digit of 3410381?
0
What is the hundred thousands digit of 246436?
2
What is the tens digit of 130535?
3
What is the hundred thousands digit of 7618544?
6
What is the hundred thousands digit of 2782703?
7
What is the ten thousands digit of 2100747?
0
What is the thousands digit of 228166?
8
What is the units digit of 1469950?
0
What is the ten thousands digit of 10522961?
2
What is the hundred thousands digit of 343215?
3
What is the thousands digit of 1499613?
9
What is the millions digit of 2158212?
2
What is the hundreds digit of 241840?
8
What is the millions digit of 6802715?
6
What is the thousands digit of 483717?
3
What is the ten thousands digit of 258948?
5
What is the thousands digit of 88340?
8
What is the ten thousands digit of 4132661?
3
What is the units digit of 8157402?
2
What is the hundred thousands digit of 7859941?
8
What is the ten thousands digit of 701864?
0
What is the millions digit of 2405397?
2
What is the thousands digit of 730041?
0
What is the hundred thousands digit of 7483192?
4
What is the millions digit of 21953041?
1
What is the thousands digit of 1862155?
2
What is the ten thousands digit of 1633109?
3
What is the ten thousands digit of 8423264?
2
What is the tens digit of 152731?
3
What is the tens digit of 13428403?
0
What is the ten thousands digit of 1716022?
1
What is the tens digit of 2244620?
2
What is the ten thousands digit of 565685?
6
What is the millions digit of 8608290?
8
What is the hundred thousands digit of 191687?
1
What is the thousands digit of 7152596?
2
What is the hundreds digit of 13803502?
5
What is the units digit of 4736?
6
What is the tens digit of 648989?
8
What is the units digit of 134496?
6
What is the tens digit of 1173538?
3
What is the tens digit of 315983?
8
What is the ten thousands digit of 12395397?
9
What is the units digit of 2479812?
2
What is the thousands digit of 671054?
1
What is the hundred thousands digit of 496241?
4
What is the thousands digit of 261079?
1
What is the hundred thousands digit of 502846?
5
What is the thousands digit of 958951?
8
What is the units digit of 646348?
8
What is the millions digit of 15276204?
5
What is the ten thousands digit of 686823?
8
What is the hundreds digit of 1404798?
7
What is the millions digit of 19398056?
9
What is the ten thousands digit of 6023903?
2
What is the thousands digit of 270084?
0
What is the tens digit of 1164274?
7
What is the ten thousands digit of 7429324?
2
What is the hundreds digit of 845082?
0
What is the hundred thousands digit of 651982?
6
What is the units digit of 830953?
3
What